ative of -p**6/120 + p**4/12 - 7*p**3/6 - 2*p**2 - 5499*p + 1. What is i(-3)?
14
Let v(w) be the third derivative of -7/24*w**4 - 2 + 1/3*w**3 - 1/15*w**5 + 1/120*w**6 + 0*w - 6*w**2. Determine v(5).
-8
Suppose -31*d - 17*d - 48 = 0. Let w(k) = 11 - 3*k**2 - 10 - 4*k**3 - k + 2*k + 2*k**2. Calculate w(d).
3
Let p(x) = -116*x**3 + 147*x**3 + 89*x**3 + x - 45 - x**2 - 118*x**3. Give p(0).
-45
Let r(j) = -4 - 17 + 84*j + 79*j - 167*j + 0. What is r(-6)?
3
Let x(z) = -9*z + 7. Let n = 1795 - 1802. Give x(n).
70
Let k(f) = 3*f**2 - 3*f + 13. Let b(p) = 4*p**2 - 5*p + 20. Let c(x) = 5*b(x) - 7*k(x). Suppose -26 = 3*u + 2*v, -6 = -4*u + 3*v - 18. What is c(u)?
-3
Let s(g) = -35 + 117 - 36 - 3*g - 27. Suppose -4*k = -2*k + a - 14, 2*k = 3*a + 6. Let c be s(k). Let d(f) = 2*f**2 - f. Calculate d(c).
1
Let i(o) = -84*o**3 + 6*o**2 - 2*o + 5. Let v(y) = -y**2 - 1. Let b(d) = -i(d) - 6*v(d). Determine b(-1).
-85
Let c(n) = -n**2 + 2*n. Let o = -9 - -11. Let q = 70 - 50. Suppose 2*m - 16 = -o*m, q = 4*z + 2*m. Determine c(z).
-3
Let s(y) = y + 6. Let q = 127 - 33. Let a = q - 39. Suppose 3*v - v - 1 = -j, -a = 5*j - 5*v. Give s(j).
-1
Let b(m) be the third derivative of -m**4/12 + m**2. Suppose 7*a - 95 = -11*r + 3*a, -2*r - 20 = -3*a. Determine b(r).
-10
Let m(a) be the first derivative of 2*a - 1/2*a**2 - 135. What is m(10)?
-8
Suppose -360*w + 599 = -841. Let q(h) = -3*h + 5. Calculate q(w).
-7
Suppose -6*r + 19 = -65. Let j be 42/r - 0/(-1). Let g be (j*(-2)/(-12))/((-2)/(-4)). Let w(v) = -2*v - 1. Calculate w(g).
-3
Let k = -9 - -1. Let v(p) = 3*p - 17. Let s(q) = q - 7. Let o(b) = 2*s(b) - v(b). Give o(k).
11
Let r(m) = m + 10. Let a(u) = u**2 - 3*u - 4. Let i be a(5). Let s(y) = y**2 - 5*y - 1. Let j be s(i). Suppose k = -0 - j. Give r(k).
5
Let q = -202 + 232. Suppose -42*k + q = -39*k. Let z(a) = -a - 1. What is z(k)?
-11
Suppose -4*y + 306 = 3*s + 268, 0 = -y + s + 13. Let d(f) be the first derivative of -2*f**2 + 15*f - 49. Calculate d(y).
-29
Let r(p) = p**3 - 5*p**2 - 3*p. Let d(u) = 12*u + 20. Let t be d(-2). Let x be 1 - -10 - (13 + -4 + t). Give r(x).
18
Let t be 81 + -50 + -12 + -1. Let a(i) = -i**2 + 21*i - 51. Calculate a(t).
3
Let m(h) = -h + 8. Suppose 3*b + 2*f + 1 = 0, 9 = 3*b - 2*b + 3*f. Suppose 255*k - 235*k = 240. Let t be (b*1)/(k/(-24)). Calculate m(t).
2
Let a(x) = -4*x - 3. Let d(r) = -r**2 - 48*r - 81. Let z be d(-46). What is a(z)?
-47
Suppose -1 - 59 = -10*o. Let m(n) = 4*n**2 + n - 7*n + 0*n**2 + o*n. What is m(-1)?
4
Suppose 37*o - 58 = -3 + 56. Let m(n) be the second derivative of -22*n + 7/2*n**2 + 0 + 5/6*n**o. Determine m(-6).
-23
Suppose 3*v + 3 = -4*s + 18, v = -s + 4. Suppose 0 = 19*y + 16*y - 455. Let l(t) = 0 - 28*t + y*t - 1 + 11*t. Give l(v).
-5
Let m = -706 + 918. Let u(w) = -w**3 + 0*w**3 + w + m - 7*w**2 - 205. Calculate u(-7).
0
Let r(p) = -2*p**3 + 4*p**2 + 3*p - 1. Let j(i) = 7244 - 2*i - i**3 - 2*i**2 - 7245 + i**2. Let k(s) = -3*j(s) + r(s). Determine k(-6).
-16
Let o(i) = -i**2 - 6*i + 24. Let g(t) = t**3 + 55*t**2 + 450*t - 9. Let q be g(-45). Determine o(q).
-3
Let f be (-20)/20 - 1/(-1). Let r be -3 + f + 6 + -2. Let j(v) = -v - 2*v**3 - v**3 + 7*v**3. What is j(r)?
3
Let k = -3356 + 3368. Let c(i) = i**3 - 11*i**2 - 10*i - 21. What is c(k)?
3
Let a(v) = v**2 + 18*v + 23. Let t(h) = h**2 + 29*h - 42. Let z be t(-30). What is a(z)?
-49
Suppose -2 - 18 = -4*x. Let w(k) = -8370 + 8373 - k + x*k. Calculate w(-7).
-25
Suppose 25 = 5*l, 3*c + l + 4*l + 2 = 0. Let k(x) be the second derivative of x**3/3 + 13*x**2/2 - 31038*x. Give k(c).
-5
Let b(z) = z - 29. Suppose 1831*f - 4*o = 1826*f - 63, -2*o - 51 = 5*f. Calculate b(f).
-40
Let d(a) = 92 - 9*a**2 - 3416*a**3 + 7*a + 3417*a**3 + 20*a**2. What is d(-11)?
15
Let o(u) be the first derivative of u**4/4 - 14*u**3/3 + u**2/2 - 12*u - 606. Calculate o(14).
2
Let l(x) = 2186*x - 724*x - 4*x**2 - 740*x - 720*x + 3. Suppose 3*h = 2*h - 3. What is l(h)?
-39
Let i(s) be the third derivative of s**5/60 - 2*s**4/3 - 28*s**3/3 - 663*s**2. What is i(-3)?
1
Suppose -24*x - 5*j + 49 = 3, -5*j + 69 = x. Let y(z) be the first derivative of -4*z**4 - 2/3*z**3 - z**2 - 2 - z. What is y(x)?
15
Suppose -40*j = -45*j + 5*v + 45, 4*j = -5*v. Let i(y) = y**3 - 4*y**2 - 9*y + 21. Give i(j).
1
Let m(u) be the first derivative of -u**2/2 + 54*u - 320. Calculate m(31).
23
Suppose -2 = 150*a + 416*a - 2. Let j(z) be the second derivative of a - 14*z - 7/6*z**3 + 0*z**2. Calculate j(-1).
7
Let j(m) = -2016*m - 16119. Let c be j(-8). Let a(u) = -11*u**2 + 3*u + 16. Let h(g) = 5*g**2 - 2*g - 8. Let q(v) = -4*a(v) - 9*h(v). Give q(c).
-19
Let h(a) = -a**3 - 9*a**2 - 10*a - 11. Let u = 21 - 19. Let l be (10 - u)/(5/(-20)*4). What is h(l)?
5
Let s(j) = -2*j**2 - 6*j - 1. Suppose 39*f + 31*f = -11*f - 324. Determine s(f).
-9
Let k(b) = 8*b - 175. Suppose 98*m - 316 - 1840 = 0. What is k(m)?
1
Suppose 2*g - 12 = -g. Let k(q) = -13*q + 15. Let r(y) = -11*y + 13. Suppose 10*m + 146 = 206. Let l(s) = m*r(s) - 5*k(s). Give l(g).
-1
Suppose -330 = -11*m - 0*m. Suppose -7*x = 3*x - m. Let a(j) = -j**3 + 4*j**2 - 1. Give a(x).
8
Let l(v) = 4*v - 4. Let k be l(2). Suppose 0 = 5*y + k*z - 6, 0 = -y - 0*y + 4*z + 6. Let t(g) = -y + 5 + 2 - g. Determine t(-5).
10
Let q = -1 - -12. Let i = -12 + q. Let u be ((-2)/i)/((3/9)/(-1)). Let l(j) = j**2 + 7*j + 5. Give l(u).
-1
Let g(p) = -p**2 + 3*p + 647. Let w be g(27). Let j(m) = -m**3 + 9*m**2 + 4*m - 3. What is j(w)?
3
Let o(j) = -754*j + 29 - 763*j + 2275*j - 754*j. Calculate o(-6).
5
Let s(o) = -o**3 + o + 1. Let l(j) = j**3 + 2*j**2 + 2*j + 2. Let f(d) = -l(d) + 3*s(d). Calculate f(1).
-4
Let b(j) be the first derivative of 1/20*j**5 - 3/4*j**4 - 1/3*j**3 + 6*j**2 - 7 - 10*j. Let z(n) be the first derivative of b(n). Determine z(9).
-6
Let r(d) = -d**3 - 7*d**2 - d + 3. Let i be (6/9)/(10/45) - -417. Let l be 2/(-21) + (-2480)/i. Give r(l).
-27
Let y = -61 + 91. Suppose -7*n - y = 5. Let m(z) = -z**3 + 5*z + 0*z**2 - 4*z**2 + 1 + 3. What is m(n)?
4
Let s(l) = l**2 + 30*l + 61. Suppose 226*p - 179*p = -1363. What is s(p)?
32
Let a(r) = -r - 5*r**3 + 9*r + 3*r**2 - 9*r + r**2 - 5*r. Let f(v) = -3*v**3 + 3*v**2 - 4*v. Let k(z) = 2*a(z) - 3*f(z). Calculate k(0).
0
Suppose 5*w = 5*q - 2*q + 12, -2*q + 17 = 5*w. Let d(f) = -f - 12*f - 25*f + w*f - 3 + 2. Determine d(-1).
34
Let p(r) = -76*r + 153. Suppose 382*k + 59*k - 882 = 0. Calculate p(k).
1
Let y = 2 - 5. Let t(w) be the first derivative of -2*w**3/3 - 114*w + 37. Let d(q) be the first derivative of t(q). Determine d(y).
12
Let w(l) = -l**2 - 10*l - 27. Suppose -2*f + 2*f + 143 = -13*f. Calculate w(f).
-38
Suppose -4*p + 3 = -i - 1, 5*p = -4*i - 16. Let h = 46 + -35. Let y(s) = 4*s - 15 - 2*s + 10 + h. Calculate y(i).
-2
Let k = -6 + 21. Let a(c) be the third derivative of -c**6/120 + c**5/4 - c**4/24 + 13*c**3/6 + 3194*c**2. Give a(k).
-2
Let n(l) = -l**2 - 1. Let f(d) = -3*d**2 + 13*d - 29. Let z(i) = -f(i) + 2*n(i). Give z(11).
5
Let v(u) be the third derivative of u**6/120 + u**5/12 + u**4/6 + 5*u**3/6 + 447*u**2 + 3. Determine v(-4).
5
Let g(q) = -7*q + 13*q + 2*q - 1 - q - 6. Give g(1).
0
Let p(x) = -54*x + 1. Let y = 2298 - 2297. Calculate p(y).
-53
Let g(w) be the third derivative of 7*w**4/6 - 16*w**3 + 258*w**2 + 15. Calculate g(4).
16
Let a(d) be the third derivative of d**6/120 + d**5/30 - 13*d**4/24 - 9*d**3/2 + 13*d**2 + 24. What is a(-4)?
-7
Let o(j) = -15*j + 39. Let w be (-1 - -13)*(15/5)/12. Let z be o(w). Let y(g) = -g**2 - 7*g - 3. Give y(z).
3
Let v(c) = -c - 2. Let f(o) = -1. Let x(p) = -2*f(p) + v(p). Let k(r) = 125*r**2 + 2*r - 3. Let q be k(1). Let w = 125 - q. Calculate x(w).
-1
Suppose 420 = 31*z - 11*z. Suppose -z*f - 42 = -14*f. Let m(v) be the first derivative of v**3/3 + 2*v**2 - 5*v - 1. Give m(f).
7
Let m be (-3)/(3*1/(-1)). Let n(i) = 5*i - 2. Let k(d) = 4*d - 2. Let r(w) = -3*k(w) + 2*n(w). Calculate r(m).
0
Let c be ((-65)/30)/((-5)/30). Let m(o) = -2*o**2 + 23*o + 28. Calculate m(c).
-11
Let j(y) = -6*y**3 - 12*y**2 - 4*y. Let o(r) = 11*r**3 + 22*r**2 + 8*r. Let x(i) = -5*j(i) - 3*o(i). Give x(-4).
112
Let g be 0/((92/69)/(2/3)). Let x(y) = -y + 3. What is x(g)?
3
Let n(g) = 2*g**2 + 7*g. Let y(f) = 29*f - 138. Let v be y(6). Suppose v*p = 38*p + 8. Calculate